46 and i?
46
Suppose 2*k + 39 = 15*k. Suppose k*w - 85 = -5*u, -3*u - 5*w + 81 = u. Calculate the greatest common divisor of 154 and u.
14
Suppose 0*j - 11*j + 22 = 0. Calculate the greatest common factor of j and 146.
2
Let v(f) = -f**3 - 5*f**2 - 6*f - 4. Let y be v(-5). Suppose -2*s - 42 = -94. What is the greatest common factor of y and s?
26
Let o = 394 - 374. Suppose 0 = 3*y - 3*x + 8*x - 225, 5*x = -4*y + 295. What is the greatest common factor of y and o?
10
Let f be (-29)/(-2) - 9/12*-2. Let v be (0 - -4) + f + 3 + 2. What is the greatest common factor of 225 and v?
25
Let b = -6 - -28. Let r = -6092 - -6125. What is the greatest common divisor of r and b?
11
Let r = 722 - 662. What is the greatest common divisor of r and 690?
30
Suppose 1398 = 2*a - 2*x + 318, 4*x - 1104 = -2*a. Suppose 5*o - 12 = -2. Suppose a = o*v + 170. Calculate the greatest common divisor of 17 and v.
17
Let d(z) = 10*z + 46. Let n be d(-3). What is the highest common factor of 64 and n?
16
Suppose 4*r + 4*p + 29112 = 0, 2*p + 2*p + 36392 = -5*r. Let l be r/(-30) - 2/3. What is the greatest common factor of 22 and l?
22
Let y be 1*(-3)/(6/(-8)). Suppose y*k = 381 + 19. Suppose -4*s + 5*m = -k + 37, 73 = 4*s + 5*m. What is the greatest common factor of 119 and s?
17
Let l(r) = -r**3 - 8*r**2 - 18*r. Let q be l(-6). Calculate the greatest common factor of q and 198.
18
Let c = -1575 - -1623. Suppose t + 2*t + 2*b = 0, -t = 5*b + 13. Suppose 2*n - 480 = -t*n. Calculate the greatest common factor of c and n.
24
Let r(k) = k + 1. Let l(h) = h**2 + 25*h - 51. Let z(x) = -l(x) + r(x). Let f be z(-22). Calculate the greatest common divisor of 16 and f.
16
Suppose 731 + 25 = 7*l. Calculate the highest common divisor of 36 and l.
36
Let u be (6 - 102/18)*66. Calculate the greatest common factor of u and 704.
22
Suppose -l - 2*l - 9 = -h, 2*h - 14 = 4*l. Suppose 2*a + 25 = 3*a + 5*b, -h*a = -3*b - 21. What is the highest common divisor of 25 and a?
5
Let u = -15 + 23. Let o(w) = w**3 + 7*w**2 + 7*w + 8. Let v be o(-6). Suppose -d = -u - v. Calculate the greatest common divisor of d and 80.
10
Suppose -s = 3*s - 16. Let o be 1705/22 - 2/s. What is the highest common factor of 11 and o?
11
Let r = -46 - 62. Let k be ((-16)/(-12))/((-3)/r). Suppose -2*j - 2*j = -480. What is the greatest common divisor of j and k?
24
Let h(m) = 62*m**3 + m**2 + m. Let q be h(-2). Let u = -326 - q. Calculate the highest common factor of u and 42.
42
Let q(l) = 2*l**2 + 25*l + 38. Let h be q(-11). Calculate the greatest common factor of 160 and h.
5
Let s(l) = 2*l**2 + 4*l + 6. Let b be s(-5). Let g = 5619 - 5559. Calculate the highest common factor of g and b.
12
Let j = 31 - 9. Let a = -40 + j. Let h = a + 74. What is the greatest common factor of 7 and h?
7
Let l(f) = -12*f - 350. Let u be l(-53). Calculate the highest common factor of u and 1001.
143
Suppose -21*n = -y - 23*n + 103, 0 = y - n - 112. What is the highest common divisor of y and 436?
109
Let q be 628/7 - (-4)/14. Suppose 8*l + 2*l = q. What is the greatest common divisor of 18 and l?
9
Let r = -48 + 50. Suppose -o = -3*a - 183, 10 = 3*a + r*a. What is the highest common factor of o and 21?
21
Suppose 0 = 4*a + 338 - 2246. Calculate the highest common divisor of 53 and a.
53
Suppose -3*q = 92 - 248. Let s = 17 + -12. Suppose 0 = 2*h + 2*c - 160, 9 + 1 = s*c. What is the greatest common factor of h and q?
26
Suppose 12*y = 7*y - 5. Let z be y + (1 - 0) - -1. Let q be -5*((-35)/1 + z). Calculate the greatest common factor of q and 68.
34
Let z be 4/(-6) + 73/12*8. What is the greatest common divisor of 120 and z?
24
Let s = 781 + -193. What is the highest common factor of s and 12?
12
Let y = 49 - 50. Let w(p) = 268*p**2 - 2*p. Let s be w(y). Calculate the greatest common divisor of s and 30.
30
Let t(x) = -x**2 + 25*x - 110. Let v be t(12). What is the greatest common divisor of v and 1150?
46
Let i be 8/(-2) - (-120 - 4). What is the highest common factor of i and 48?
24
Let w be (-2)/(-17) - (-1356)/34. What is the highest common divisor of 360 and w?
40
Let x(a) = -a**2 + 11*a + 40. Let t be x(13). Calculate the greatest common divisor of 14 and t.
14
Suppose 2*y - 5*l = -12, 0 = -2*l - 0*l + 8. Let n be 16/2 + (6 - y). Calculate the greatest common divisor of 30 and n.
10
Let p = -453 - -637. What is the greatest common divisor of p and 32?
8
Let o = 156 - 86. Suppose -63 = -4*b - 7. Calculate the highest common divisor of b and o.
14
Let j(p) = -p**2 + 6*p - 3. Let v be j(4). Let d be 0/2*14/(-28). Suppose v*r + d = 20. Calculate the greatest common factor of 10 and r.
2
Suppose -c + 0*c = -5*v + 13, -5*v + 25 = -5*c. Let d(w) = w**3 + w**2 + 2*w + 2. Let r be d(-2). Let y = v - r. What is the highest common divisor of y and 4?
4
Suppose 0 = -2*b + 32 + 14. Suppose -3*p - 3*s = -294, s - 190 = 3*p - 5*p. Calculate the highest common divisor of b and p.
23
Let m be (-6252)/(-25) - 14/175. Calculate the highest common factor of m and 400.
50
Let k be (-3)/6 - (-2187)/54. Let h be ((-8)/(-2))/(2/4). What is the highest common divisor of k and h?
8
Let p = -1 + 2. Let x be 4 + -4 + -1 + 2. Calculate the greatest common factor of x and p.
1
Suppose 5*k - 5*y = 140, -4*k + 10 + 99 = -y. Calculate the highest common factor of k and 45.
9
Let j(z) = 2*z**3 + 11*z**2 - 11*z - 2. Let g be j(-6). Let q = 47 + g. What is the greatest common factor of 30 and q?
15
Let o be (0 + -1)*1 + 5 + 221. Calculate the greatest common factor of o and 25.
25
Suppose -25*d + 75 = -23*d + z, 0 = 4*d - 4*z - 132. What is the highest common divisor of d and 342?
18
Let k(p) = -101*p**2 - 15*p + 10. Let d be k(6). Let t be d/(-14) - 9/21. What is the highest common divisor of 53 and t?
53
Let o(x) = -7*x**3 + 2*x**2 + 5*x - 8. Let a(b) = b**3 - b + 1. Let q(k) = 6*a(k) + o(k). Let z be q(-1). Calculate the greatest common divisor of z and 3.
1
Suppose 20 = -n + 3*m, -2*m - m + 52 = -5*n. Let l be 654/(-10) + (-3)/5. Let s be 1*l/8*n. What is the highest common divisor of 22 and s?
22
Let h(j) = 5*j**2 - 6*j - 1. Let g be h(2). Let n(u) = -u**3 + 4*u**2 + 22*u + 17. Let r be n(g). Calculate the greatest common factor of r and 192.
24
Let j be (11 - 112/8)*-12. Suppose 1005 + 795 = 5*x. Calculate the greatest common divisor of x and j.
36
Let q = -40 - -61. Let r be (-2 + 5)*154/q. What is the highest common divisor of 22 and r?
22
Let k be (-4)/3*9/(-2). Let i be (52/(-5))/(k/(-15)). Let w = 66 + i. What is the greatest common divisor of 23 and w?
23
Let h be -27 - (6/(-2) + (-5 - -5)). Let j be 4*(-3)/h*52. Calculate the greatest common divisor of j and 52.
26
Let j = -220 + 224. What is the highest common divisor of 120 and j?
4
Let l(z) = 4*z**2 - 3*z + 3. Let r(x) = -x**2 - x + 1. Let d(f) = l(f) - 6*r(f). Let k be d(3). What is the highest common factor of 12 and k?
12
Let g = 23 - -9. Calculate the highest common divisor of g and 40.
8
Suppose -60 = 5*o - 90. What is the greatest common factor of o and 27?
3
Suppose -o + 68 = 2*b, 4*b = 3*o + 2*b - 212. Let d be 17/(-34) - 57/(-2). Calculate the highest common divisor of o and d.
14
Suppose 0 = 4*j + 3 - 7. Suppose -j = -q + 18. Suppose 5*b = 4*p - q, -8 + 24 = 2*p + 4*b. What is the highest common factor of 42 and p?
6
Let a be 0 + 0 + 2 + 11. Suppose -2*d + 342 = d. Suppose -3*v + d + 3 = 0. What is the highest common divisor of v and a?
13
Let u = -8 + -26. Let t = u - -52. What is the greatest common divisor of 24 and t?
6
Let h = -10 - -20. Suppose 0 = -5*v - 2*o + 29 + 77, -2*o - 94 = -5*v. What is the highest common factor of h and v?
10
Let c be 48*(498/9 - 0/1). What is the highest common factor of c and 32?
32
Let k = -76 - -348. Suppose -k = -7*d + 5*d. Calculate the greatest common factor of 17 and d.
17
Suppose -33*x + 27*x + 6 = 0. Suppose -2*g - 3*y + 22 = x, 26 = 2*g + 4*y. Calculate the highest common divisor of g and 8.
1
Let t(m) = -m**2 - 31*m + 15. Let i be t(-15). What is the greatest common divisor of i and 102?
51
Suppose -4*a - 4*a = -16. Let o(p) = p**3 - 4*p**2 - 3*p - 4. Let i be o(5). Calculate the greatest common divisor of i and a.
2
Suppose 0 = 5*m + 5, -3*k + k = -4*m - 52. Let s = 274 - 58. Calculate the highest common factor of s and k.
24
Let p(r) = 13*r**2